{"id":3,"date":"2019-05-04T23:03:14","date_gmt":"2019-05-04T17:03:14","guid":{"rendered":"https:\/\/www.revues.scienceafrique.org\/jeynitaare\/2019\/05\/04\/main-body\/"},"modified":"2024-12-19T12:44:28","modified_gmt":"2024-12-19T11:44:28","slug":"1-2021","status":"publish","type":"part","link":"https:\/\/www.revues.scienceafrique.org\/jeynitaare\/numero\/1-2021\/","title":{"rendered":"Volume 1, num\u00e9ro 1 &#8211; 2021 : La fabrique langagi\u00e8re du vivre ensemble. Lexique, discours, repr\u00e9sentations"},"content":{"raw":"<h2>Table des mati\u00e8res<\/h2>","rendered":"<h2>Table des mati\u00e8res<\/h2>\n<p><a href=\"https:\/\/www.revues.scienceafrique.org\/jeynitaare\/texte\/introductionvivreensemble\/\">Pr\u00e9sentation<\/a><\/p>\n<p class=\"numero_author\" data-type=\"author\">L\u00e9onie M\u00c9TANGMO-TATOU et MOHAMADOU OUSMANOU<\/p>\n<p><a href=\"https:\/\/www.revues.scienceafrique.org\/jeynitaare\/texte\/avodo2021\/\">Le pr\u00e9construit du vivre-ensemble dans l\u2019espace discursif camerounais<\/a><\/p>\n<p class=\"numero_author\" data-type=\"author\">Joseph AVODO AVODO<\/p>\n<p style=\"text-align: justify\">L\u2019article d\u00e9crit le pr\u00e9construit du vivre-ensemble dans l\u2019espace discursif camerounais \u00e0 partir de l\u2019\u00e9tude de quatre types de discours politique. L\u2019analyse, qui repose sur l\u2019hypoth\u00e8se d\u2019un <em>continuum<\/em> id\u00e9ologique et se fonde sur le dialogisme discursif, r\u00e9v\u00e8le que la r\u00e9it\u00e9ration du pr\u00e9construit \u00e0 tous les niveaux de formulation \u00e9tudi\u00e9s aboutit \u00e0 la stabilisation de l\u2019id\u00e9ologie du vivre-ensemble dans la m\u00e9moire collective. En construisant et diffusant l\u2019id\u00e9e d\u2019une R\u00e9publique unie, indivisible, d\u00e9mocratique et sociale, les r\u00e9seaux de formulation et ceux lexico-s\u00e9mantiques du vivre-ensemble suscitent en chaque citoyen\u00b7ne le sentiment d\u2019appartenir \u00e0 une m\u00eame nation.<\/p>\n<p><a href=\"https:\/\/www.revues.scienceafrique.org\/jeynitaare\/texte\/noussaiba2021\/\">Discours de campagne politique et relations entre les instances<\/a><\/p>\n<p class=\"numero_author\" data-type=\"author\">NOUSSA\u00cfBA ADAMOU<\/p>\n<p style=\"text-align: justify\">L\u2019article se propose d\u2019analyser les productions discursives en p\u00e9riode de campagne pr\u00e9sidentielle au Cameroun. La campagne \u00e9lectorale \u00e9tant un espace de discussion et de propagande de la pens\u00e9e et de la vision politiques, elle s\u2019effectue par une production discursive visant \u00e0 n\u00e9gocier la conqu\u00eate du pouvoir. D\u00e8s lors, les candidats \u00e0 l\u2019\u00e9lection pr\u00e9sidentielle sont amen\u00e9s \u00e0 \u00e9tablir des relations avec l\u2019\u00e9lectorat et \u00e0 produire des discours divers et vari\u00e9s dans le but d\u2019int\u00e9resser ce dernier et le pousser ainsi \u00e0 adh\u00e9rer \u00e0 l\u2019offre politique propos\u00e9e. Le genre discursif choisi comme objet d\u2019\u00e9tude se caract\u00e9rise par l\u2019influence qu\u2019il exerce sur le destinataire, il contribue \u00e0 le manipuler, car ce discours a avant tout une vis\u00e9e persuasive. Le texte se propose d\u00e8s lors d&rsquo;analyser quelques discours de campagne produits par le parti au pouvoir et quelques partis de l\u2019opposition.<\/p>\n<p><a href=\"https:\/\/www.revues.scienceafrique.org\/jeynitaare\/texte\/kameni2021\/\">Discours m\u00e9diatique et impact sur la construction du vivre ensemble au Cameroun. Regard panoramique de deux quotidiens : \u00ab\u00a0Cameroon Tribune\u00a0\u00bb et \u00ab\u00a0Le Messager\u00a0\u00bb<\/a><\/p>\n<p class=\"numero_author\" data-type=\"author\">Anne-Clotilde KAMENI WENDEU<\/p>\n<p style=\"text-align: justify\">Les r\u00e9gions du Nord-Ouest et du Sud-Ouest du Cameroun sont affect\u00e9es par une crise qui fragilise l\u2019unit\u00e9 de ce pays. Cette crise, qui a d\u00e9but\u00e9 depuis 2016, remet en question le vivre-ensemble, une valeur pourtant tr\u00e8s ch\u00e8re au peuple camerounais. Dans ce climat de confusion, la presse y joue un r\u00f4le majeur puisqu\u2019elle participe au d\u00e9bat politique. D\u00e8s lors, ce texte ambitionne de d\u00e9crypter l\u2019impact du discours m\u00e9diatique sur la construction du vivre ensemble au Cameroun. Le corpus d\u2019\u00e9tude, compos\u00e9 des quotidiens <em>Cameroon Tribune<\/em> et <em>Le Messager<\/em> permet de comprendre comment ce type de discours concourt \u00e0 construire le vivre-ensemble dans un contexte de crise. Il en ressort que l\u2019orientation argumentative de la construction discursive du vivre ensemble est fortement influenc\u00e9e par le positionnement id\u00e9ologico-discursif des deux quotidiens.<\/p>\n<p><a href=\"https:\/\/www.revues.scienceafrique.org\/jeynitaare\/texte\/babena2021\/\">R\u00e9flexions sur le discours haineux\u00a0: la loi face \u00e0 la praxis langagi\u00e8re<\/a><\/p>\n<p class=\"numero_author\" data-type=\"author\">Gilbert Willy TIO BABENA<\/p>\n<p style=\"text-align: justify\">Les menaces \u00e0 la paix et \u00e0 la stabilit\u00e9 sont des pr\u00e9suppos\u00e9s consubstantiels de la notion de vivre ensemble. Le l\u00e9gislatif, dans l\u2019optique d\u2019y faire face et d\u2019assurer l\u2019harmonie sociale, propose un ensemble d\u2019instruments juridiques qui se r\u00e9sument pour l\u2019essentiel \u00e0 p\u00e9naliser le discours haineux dans le but d\u2019\u00e9viter l\u2019embrasement. La logique p\u00e9nale approche le probl\u00e8me sous l\u2019angle de la sanction, mais s\u2019appuie pourtant sur l\u2019objet langagier dont la plasticit\u00e9 autorise des tours et d\u00e9tours en rendant difficile l\u2019\u00e9tablissement des atteintes au vivre ensemble. L\u2019article entend questionner les contours du discours haineux dans l\u2019optique de mettre en \u00e9vidence les d\u00e9fis de la praxis langagi\u00e8re pos\u00e9s aux textes de droit. Il s\u2019appuie sur des exemples puis\u00e9s dans la sph\u00e8re m\u00e9diatique. Dans les pays constitu\u00e9s de plusieurs ethnies, les rivalit\u00e9s sociopolitiques renforcent la haine et accentuent du m\u00eame coup la difficult\u00e9 d\u2019appr\u00e9cier le discours outrageux prononc\u00e9 sous cape d\u2019une libert\u00e9 d\u2019expression. Au demeurant, la complexit\u00e9 des jeux de langage et des situations \u00e9nonciatives devrait forcer le judiciaire \u00e0 recourir \u00e0 des expertises linguistiques, parmi tant d\u2019autres, pour examiner les discours incrimin\u00e9s.<\/p>\n<p><a href=\"https:\/\/www.revues.scienceafrique.org\/jeynitaare\/texte\/mohamadou2021\/\">\u00c0 chacun son dialogue national. Analyse multimodale du vid\u00e9oblogue \u00ab 03 minutes du peuple \u00bb<\/a><\/p>\n<p class=\"numero_author\" data-type=\"author\">MOHAMADOU OUSMANOU<\/p>\n<p style=\"text-align: justify\">L\u2019av\u00e8nement du vid\u00e9oblogue comme mode de production de discours bouscule quelque peu la mani\u00e8re d\u2019appr\u00e9hender \u00e0 la fois la production et la diffusion des discours. D\u2019un point de vue linguistique, c\u2019est prioritairement l\u2019h\u00e9t\u00e9rog\u00e9n\u00e9it\u00e9 et la multiplicit\u00e9 des ressources qui frappent. Cela t\u00e9moigne de la complexit\u00e9 des ph\u00e9nom\u00e8nes langagiers. Entre humour et satire sociale, les vid\u00e9oblogues constituent un ensemble de ressources s\u00e9miotiques de plus en plus populaires. L\u2019int\u00e9r\u00eat d\u2019un tel artefact pour la linguistique du d\u00e9veloppement r\u00e9side dans les potentialit\u00e9s qu\u2019il renferme et les possibilit\u00e9s qu\u2019il offre pour l\u2019appropriation des savoirs, la connaissance et l\u2019appr\u00e9hension des perceptions relatives \u00e0 une communaut\u00e9 sp\u00e9cifique. Comment sont articul\u00e9es les s\u00e9quences du vid\u00e9oblogue de \u00ab 03 minutes du peuple \u00bb? Quels types de relation et quelles formes de transition lient les extraits de discours? Quelles ressources s\u00e9miotiques sont utilis\u00e9es par le vid\u00e9aste? Quelles repr\u00e9sentations se d\u00e9gagent des discours diffus\u00e9s? L\u2019\u00e9tude vise \u00e0 montrer comment l\u2019utilisation d\u2019un artefact multimodal (vid\u00e9o) modifie de fa\u00e7on significative notre mani\u00e8re \u00e0 la fois de produire et de construire du sens. Elle d\u00e9crit comment le youtubeur adapte ses pratiques et cherche \u00e0 susciter un int\u00e9r\u00eat aupr\u00e8s de son public, afin de construire et de repr\u00e9senter une identit\u00e9 dans un espace discursif o\u00f9 la cr\u00e9ativit\u00e9 est tr\u00e8s valoris\u00e9e.<\/p>\n<p><a href=\"https:\/\/www.revues.scienceafrique.org\/jeynitaare\/texte\/haoua2021\/\">De l\u2019introduction des langues locales dans l\u2019enseignement professionnel au Cameroun. Le cas du personnel de sant\u00e9<\/a><\/p>\n<p class=\"numero_author\" data-type=\"author\">Haoua ADJI OUMAR LIMAN<\/p>\n<p style=\"text-align: justify\">La probl\u00e9matique actuelle en mati\u00e8re d\u2019enseignement dans les pays d\u2019Afrique subsaharienne en g\u00e9n\u00e9ral et au Cameroun en particulier est centr\u00e9e sur l\u2019enseignement ou non en langues ou des langues locales. La politique linguistique camerounaise stipule que les deux langues officielles, le fran\u00e7ais et l\u2019anglais, sont les langues d\u2019enseignement. Les langues locales, quant \u00e0 elles, doivent \u00eatre promues en les introduisant dans les programmes d\u2019enseignement \u00e0 travers les cultures nationales. La promotion de ces langues doit \u00eatre repens\u00e9e en mati\u00e8re d\u2019enseignement. Dans cet article, nous allons reconsid\u00e9rer l\u2019enseignement des langues locales. L\u2019objectif ici sera de penser comment les introduire dans les diff\u00e9rentes \u00e9coles de formation professionnelle, en l\u2019occurrence le secteur de la sant\u00e9. Ainsi, au terme de la formation, chaque apprenant\u00b7e pourra dialoguer, comprendre et se faire comprendre de ses patient\u00b7e\u00b7s; bref, il y aura donc un rapprochement certain, une sorte de confiance entre le soignant\/la soignante et le ou la patient\u00b7e.<\/p>\n<p><a href=\"https:\/\/www.revues.scienceafrique.org\/jeynitaare\/texte\/varia_vol1\/\">VARIA<\/a><\/p>\n<p><a href=\"https:\/\/www.revues.scienceafrique.org\/jeynitaare\/texte\/mahamat2021\/\">Pratique du bilinguisme et enseignement dans les universit\u00e9s au Tchad<\/a><\/p>\n<p class=\"numero_author\" data-type=\"author\">Alhadji MAHAMAT<\/p>\n<p style=\"text-align: justify\">Aujourd\u2019hui, au Tchad, la pratique des langues dans l\u2019\u00e9ducation diff\u00e8re beaucoup de celle mise en place il y a quelques d\u00e9cennies. Les langues d\u2019enseignement\/apprentissage aux prises avec les langues nationales, les langues vernaculaires et les langues \u00e9trang\u00e8res s\u2019imposent difficilement comme langue des sciences. Ce qui met au-devant des pratiques des enseignants, l\u2019\u00e9pineuse \u00e9quation de l\u2019\u00e9mergence du bilinguisme \u00e0 diff\u00e9rents paliers \u00e9ducatifs. Il est question dans cet article d\u2019\u00e9tudier \u00e0 travers la probl\u00e9matique des contextes multilingues et multiculturels, ainsi que du choix des langues d\u2019enseignement, l\u2019influence de la pratique du bilinguisme sur les enseignants-chercheurs et les enseignantes-chercheuses dans les universit\u00e9s au Tchad. Dans ce cadre, nous avons effectu\u00e9 une recherche de type documentaire conduite en 2 \u00e9tapes. L\u2019analyse a pass\u00e9 en revue un certain nombre de facteurs essentiels en rapport avec le bilinguisme et inh\u00e9rents aux pratiques enseignantes en milieu universitaire, notamment les enjeux de la pratique du bilinguisme, la ma\u00eetrise des langues d\u2019enseignement, les pratiques p\u00e9dagogiques des enseignants-chercheurs et des enseignantes-chercheuses, la formation initiale des enseignant\u00b7e\u00b7s des universit\u00e9s au Tchad. Il ressort de l\u2019analyse que la pratique du bilinguisme est une r\u00e9alit\u00e9 complexe qui influe sur l\u2019enseignement en milieu universitaire. Ce qui d\u00e9note l\u2019existence des poches de r\u00e9sistance qui d\u00e9finissent le revers de la pratique du bilinguisme en voilant encore son effectivit\u00e9. Ce faisant, il est indiqu\u00e9 de red\u00e9finir un cadre normatif qui tient compte davantage de la place du bilinguisme int\u00e9gral dans les pratiques p\u00e9dagogiques et didactiques des enseignants-chercheurs et des enseignantes-chercheuses dans une perspective d\u2019am\u00e9lioration de l\u2019enseignement\/apprentissage en contextes \u00e9ducatifs universitaires.<\/p>\n<p><a href=\"https:\/\/www.revues.scienceafrique.org\/jeynitaare\/texte\/bayang2021\/\">Analyse \u00e9nonciative des discours de Paul Biya sur la crise anglophone<\/a><\/p>\n<p class=\"numero_author\" data-type=\"author\">Dieudonn\u00e9 Bayang WILBA LOUMB\u00c9L\u00c9<\/p>\n<p style=\"text-align: justify\">L\u2019objectif de ce texte est de mettre en lumi\u00e8re les traces de la subjectivit\u00e9 inscrite dans les discours du pr\u00e9sident Paul Biya sur la crise anglophone. Nous entrerons, \u00e0 cet effet, par la situation d\u2019\u00e9nonciation. Il appara\u00eet que le pr\u00e9sident tente de r\u00e9concilier les Camerounais\u00b7es, de reconqu\u00e9rir leur c\u0153ur \u00e0 la suite de la crise anglophone.<\/p>\n<div class=\"metadata\">\n<p><strong>Adresse web du fichier PDF du num\u00e9ro&nbsp;: <\/strong><br \/>https:\/\/zenodo.org\/record\/5483869#.YTeKSo5KjIU<\/p>\n<\/div>\n","protected":false},"parent":0,"menu_order":3,"template":"","meta":{"_acf_changed":false,"pb_part_invisible":false},"contributor":[],"license":[],"class_list":["post-3","part","type-part","status-publish","hentry"],"_links":{"self":[{"href":"https:\/\/www.revues.scienceafrique.org\/jeynitaare\/wp-json\/pressbooks\/v2\/parts\/3","targetHints":{"allow":["GET"]}}],"collection":[{"href":"https:\/\/www.revues.scienceafrique.org\/jeynitaare\/wp-json\/pressbooks\/v2\/parts"}],"about":[{"href":"https:\/\/www.revues.scienceafrique.org\/jeynitaare\/wp-json\/wp\/v2\/types\/part"}],"version-history":[{"count":12,"href":"https:\/\/www.revues.scienceafrique.org\/jeynitaare\/wp-json\/pressbooks\/v2\/parts\/3\/revisions"}],"predecessor-version":[{"id":771,"href":"https:\/\/www.revues.scienceafrique.org\/jeynitaare\/wp-json\/pressbooks\/v2\/parts\/3\/revisions\/771"}],"wp:attachment":[{"href":"https:\/\/www.revues.scienceafrique.org\/jeynitaare\/wp-json\/wp\/v2\/media?parent=3"}],"wp:term":[{"taxonomy":"contributor","embeddable":true,"href":"https:\/\/www.revues.scienceafrique.org\/jeynitaare\/wp-json\/wp\/v2\/contributor?post=3"},{"taxonomy":"license","embeddable":true,"href":"https:\/\/www.revues.scienceafrique.org\/jeynitaare\/wp-json\/wp\/v2\/license?post=3"}],"curies":[{"name":"wp","href":"https:\/\/api.w.org\/{rel}","templated":true}]}}

Volume 1, numéro 1 &#8211; 2021 : La fabrique langagière du vivre ensemble. Lexique, discours, représentations

<h2>Table des matières</h2>

<h2>Table des matières</h2>
<p><a href="https://www.revues.scienceafrique.org/jeynitaare/texte/introductionvivreensemble/">Présentation</a></p>
<p class="numero_author" data-type="author">Léonie MÉTANGMO-TATOU et MOHAMADOU OUSMANOU</p>
<p><a href="https://www.revues.scienceafrique.org/jeynitaare/texte/avodo2021/">Le préconstruit du vivre-ensemble dans l’espace discursif camerounais</a></p>
<p class="numero_author" data-type="author">Joseph AVODO AVODO</p>
<p style="text-align: justify">L’article décrit le préconstruit du vivre-ensemble dans l’espace discursif camerounais à partir de l’étude de quatre types de discours politique. L’analyse, qui repose sur l’hypothèse d’un <em>continuum</em> idéologique et se fonde sur le dialogisme discursif, révèle que la réitération du préconstruit à tous les niveaux de formulation étudiés aboutit à la stabilisation de l’idéologie du vivre-ensemble dans la mémoire collective. En construisant et diffusant l’idée d’une République unie, indivisible, démocratique et sociale, les réseaux de formulation et ceux lexico-sémantiques du vivre-ensemble suscitent en chaque citoyen·ne le sentiment d’appartenir à une même nation.</p>
<p><a href="https://www.revues.scienceafrique.org/jeynitaare/texte/noussaiba2021/">Discours de campagne politique et relations entre les instances</a></p>
<p class="numero_author" data-type="author">NOUSSAÏBA ADAMOU</p>
<p style="text-align: justify">L’article se propose d’analyser les productions discursives en période de campagne présidentielle au Cameroun. La campagne électorale étant un espace de discussion et de propagande de la pensée et de la vision politiques, elle s’effectue par une production discursive visant à négocier la conquête du pouvoir. Dès lors, les candidats à l’élection présidentielle sont amenés à établir des relations avec l’électorat et à produire des discours divers et variés dans le but d’intéresser ce dernier et le pousser ainsi à adhérer à l’offre politique proposée. Le genre discursif choisi comme objet d’étude se caractérise par l’influence qu’il exerce sur le destinataire, il contribue à le manipuler, car ce discours a avant tout une visée persuasive. Le texte se propose dès lors d&rsquo;analyser quelques discours de campagne produits par le parti au pouvoir et quelques partis de l’opposition.</p>
<p><a href="https://www.revues.scienceafrique.org/jeynitaare/texte/kameni2021/">Discours médiatique et impact sur la construction du vivre ensemble au Cameroun. Regard panoramique de deux quotidiens : « Cameroon Tribune » et « Le Messager »</a></p>
<p class="numero_author" data-type="author">Anne-Clotilde KAMENI WENDEU</p>
<p style="text-align: justify">Les régions du Nord-Ouest et du Sud-Ouest du Cameroun sont affectées par une crise qui fragilise l’unité de ce pays. Cette crise, qui a débuté depuis 2016, remet en question le vivre-ensemble, une valeur pourtant très chère au peuple camerounais. Dans ce climat de confusion, la presse y joue un rôle majeur puisqu’elle participe au débat politique. Dès lors, ce texte ambitionne de décrypter l’impact du discours médiatique sur la construction du vivre ensemble au Cameroun. Le corpus d’étude, composé des quotidiens <em>Cameroon Tribune</em> et <em>Le Messager</em> permet de comprendre comment ce type de discours concourt à construire le vivre-ensemble dans un contexte de crise. Il en ressort que l’orientation argumentative de la construction discursive du vivre ensemble est fortement influencée par le positionnement idéologico-discursif des deux quotidiens.</p>
<p><a href="https://www.revues.scienceafrique.org/jeynitaare/texte/babena2021/">Réflexions sur le discours haineux : la loi face à la praxis langagière</a></p>
<p class="numero_author" data-type="author">Gilbert Willy TIO BABENA</p>
<p style="text-align: justify">Les menaces à la paix et à la stabilité sont des présupposés consubstantiels de la notion de vivre ensemble. Le législatif, dans l’optique d’y faire face et d’assurer l’harmonie sociale, propose un ensemble d’instruments juridiques qui se résument pour l’essentiel à pénaliser le discours haineux dans le but d’éviter l’embrasement. La logique pénale approche le problème sous l’angle de la sanction, mais s’appuie pourtant sur l’objet langagier dont la plasticité autorise des tours et détours en rendant difficile l’établissement des atteintes au vivre ensemble. L’article entend questionner les contours du discours haineux dans l’optique de mettre en évidence les défis de la praxis langagière posés aux textes de droit. Il s’appuie sur des exemples puisés dans la sphère médiatique. Dans les pays constitués de plusieurs ethnies, les rivalités sociopolitiques renforcent la haine et accentuent du même coup la difficulté d’apprécier le discours outrageux prononcé sous cape d’une liberté d’expression. Au demeurant, la complexité des jeux de langage et des situations énonciatives devrait forcer le judiciaire à recourir à des expertises linguistiques, parmi tant d’autres, pour examiner les discours incriminés.</p>
<p><a href="https://www.revues.scienceafrique.org/jeynitaare/texte/mohamadou2021/">À chacun son dialogue national. Analyse multimodale du vidéoblogue « 03 minutes du peuple »</a></p>
<p class="numero_author" data-type="author">MOHAMADOU OUSMANOU</p>
<p style="text-align: justify">L’avènement du vidéoblogue comme mode de production de discours bouscule quelque peu la manière d’appréhender à la fois la production et la diffusion des discours. D’un point de vue linguistique, c’est prioritairement l’hétérogénéité et la multiplicité des ressources qui frappent. Cela témoigne de la complexité des phénomènes langagiers. Entre humour et satire sociale, les vidéoblogues constituent un ensemble de ressources sémiotiques de plus en plus populaires. L’intérêt d’un tel artefact pour la linguistique du développement réside dans les potentialités qu’il renferme et les possibilités qu’il offre pour l’appropriation des savoirs, la connaissance et l’appréhension des perceptions relatives à une communauté spécifique. Comment sont articulées les séquences du vidéoblogue de « 03 minutes du peuple »? Quels types de relation et quelles formes de transition lient les extraits de discours? Quelles ressources sémiotiques sont utilisées par le vidéaste? Quelles représentations se dégagent des discours diffusés? L’étude vise à montrer comment l’utilisation d’un artefact multimodal (vidéo) modifie de façon significative notre manière à la fois de produire et de construire du sens. Elle décrit comment le youtubeur adapte ses pratiques et cherche à susciter un intérêt auprès de son public, afin de construire et de représenter une identité dans un espace discursif où la créativité est très valorisée.</p>
<p><a href="https://www.revues.scienceafrique.org/jeynitaare/texte/haoua2021/">De l’introduction des langues locales dans l’enseignement professionnel au Cameroun. Le cas du personnel de santé</a></p>
<p class="numero_author" data-type="author">Haoua ADJI OUMAR LIMAN</p>
<p style="text-align: justify">La problématique actuelle en matière d’enseignement dans les pays d’Afrique subsaharienne en général et au Cameroun en particulier est centrée sur l’enseignement ou non en langues ou des langues locales. La politique linguistique camerounaise stipule que les deux langues officielles, le français et l’anglais, sont les langues d’enseignement. Les langues locales, quant à elles, doivent être promues en les introduisant dans les programmes d’enseignement à travers les cultures nationales. La promotion de ces langues doit être repensée en matière d’enseignement. Dans cet article, nous allons reconsidérer l’enseignement des langues locales. L’objectif ici sera de penser comment les introduire dans les différentes écoles de formation professionnelle, en l’occurrence le secteur de la santé. Ainsi, au terme de la formation, chaque apprenant·e pourra dialoguer, comprendre et se faire comprendre de ses patient·e·s; bref, il y aura donc un rapprochement certain, une sorte de confiance entre le soignant/la soignante et le ou la patient·e.</p>
<p><a href="https://www.revues.scienceafrique.org/jeynitaare/texte/varia_vol1/">VARIA</a></p>
<p><a href="https://www.revues.scienceafrique.org/jeynitaare/texte/mahamat2021/">Pratique du bilinguisme et enseignement dans les universités au Tchad</a></p>
<p class="numero_author" data-type="author">Alhadji MAHAMAT</p>
<p style="text-align: justify">Aujourd’hui, au Tchad, la pratique des langues dans l’éducation diffère beaucoup de celle mise en place il y a quelques décennies. Les langues d’enseignement/apprentissage aux prises avec les langues nationales, les langues vernaculaires et les langues étrangères s’imposent difficilement comme langue des sciences. Ce qui met au-devant des pratiques des enseignants, l’épineuse équation de l’émergence du bilinguisme à différents paliers éducatifs. Il est question dans cet article d’étudier à travers la problématique des contextes multilingues et multiculturels, ainsi que du choix des langues d’enseignement, l’influence de la pratique du bilinguisme sur les enseignants-chercheurs et les enseignantes-chercheuses dans les universités au Tchad. Dans ce cadre, nous avons effectué une recherche de type documentaire conduite en 2 étapes. L’analyse a passé en revue un certain nombre de facteurs essentiels en rapport avec le bilinguisme et inhérents aux pratiques enseignantes en milieu universitaire, notamment les enjeux de la pratique du bilinguisme, la maîtrise des langues d’enseignement, les pratiques pédagogiques des enseignants-chercheurs et des enseignantes-chercheuses, la formation initiale des enseignant·e·s des universités au Tchad. Il ressort de l’analyse que la pratique du bilinguisme est une réalité complexe qui influe sur l’enseignement en milieu universitaire. Ce qui dénote l’existence des poches de résistance qui définissent le revers de la pratique du bilinguisme en voilant encore son effectivité. Ce faisant, il est indiqué de redéfinir un cadre normatif qui tient compte davantage de la place du bilinguisme intégral dans les pratiques pédagogiques et didactiques des enseignants-chercheurs et des enseignantes-chercheuses dans une perspective d’amélioration de l’enseignement/apprentissage en contextes éducatifs universitaires.</p>
<p><a href="https://www.revues.scienceafrique.org/jeynitaare/texte/bayang2021/">Analyse énonciative des discours de Paul Biya sur la crise anglophone</a></p>
<p class="numero_author" data-type="author">Dieudonné Bayang WILBA LOUMBÉLÉ</p>
<p style="text-align: justify">L’objectif de ce texte est de mettre en lumière les traces de la subjectivité inscrite dans les discours du président Paul Biya sur la crise anglophone. Nous entrerons, à cet effet, par la situation d’énonciation. Il apparaît que le président tente de réconcilier les Camerounais·es, de reconquérir leur cœur à la suite de la crise anglophone.</p>
<div class="metadata">
<p><strong>Adresse web du fichier PDF du numéro&nbsp;: </strong><br />https://zenodo.org/record/5483869#.YTeKSo5KjIU</p>
</div>
